e remainder when 20/(l + (-8)/(-20)) is divided by 26.
24
Suppose 5*g = 3*t - 89, -162 = 5*t - 9*t - 2*g. Calculate the remainder when 78 is divided by t.
2
Suppose -r + o + 72 = 3*r, r + 5*o - 18 = 0. Let z(h) = h**3 - 2*h - 1. Let x be z(2). What is the remainder when (-210)/(-18)*1*x is divided by r?
17
Suppose 4*v - 6 - 14 = 0. Suppose -v = -4*s + 35. What is the remainder when 19 is divided by s?
9
Let f(z) = z**2 - 4*z - 4. Let m(d) = 2*d - 23. Let h be m(15). Calculate the remainder when f(h) is divided by (-2)/2 - 20/(-2).
8
Suppose 881*v - 876*v - 215 = 0. Calculate the remainder when 680 is divided by v.
35
Suppose 14*d = -264 + 7908. Calculate the remainder when d is divided by 110.
106
Let s(x) = -2*x**3 - 3*x**2 + 4*x - 33. What is the remainder when s(-5) is divided by 22?
12
Let c = 270 + -263. Calculate the remainder when 166 is divided by c.
5
Let n = -3 + 8. Suppose 2*y + 6*y - 32 = 0. What is the remainder when n is divided by y?
1
Suppose 6 = k - 4*j - 121, 3*j = 3*k - 345. What is the remainder when 663 is divided by k?
108
Let f(i) = -5*i + 8. Let k(v) = -v**2 - 4*v + 2. Let q be k(-4). Suppose 0 = 3*m + 3*g, -m = 3*g + q*g - 16. What is the remainder when 55 is divided by f(m)?
27
Calculate the remainder when ((-8)/5)/((-72)/180) is divided by 1.
0
Let u be 6*2/4 - 0. Suppose -y = 4*j - 7, u*y + 12 = -3. Suppose -3 = -j*s, -5*l = -3*s - 45 - 22. What is the remainder when l is divided by 5?
4
Let x(c) = -42*c - 1933. What is the remainder when 0 - -2 - (1 + -159) is divided by x(-47)?
37
What is the remainder when 34 is divided by (-2124)/(-144) - (1 + (-2)/8)?
6
Let i = 477 + -253. Suppose -10*p + i = -1066. What is the remainder when p is divided by 27?
21
Let m be -8*((-333)/6 + 3). Suppose -3*x + 24 - m = -3*i, x = 3*i - 402. What is the remainder when i is divided by 34?
33
Let v = -8 - -8. Suppose -5*g = 2*n - 30 - 75, -n = 4*g - 57. What is the remainder when n is divided by (-48 - v)/(-3) + 0?
13
Suppose -17*p + 2106 = -14*p. What is the remainder when p is divided by 88?
86
Let n(r) = -3*r**2 + 185*r - 1755. Let v = -21 - -34. What is the remainder when n(12) is divided by v?
7
Let a be 4/6 - 92/(-6). What is the remainder when a/12*(-126)/(-12) is divided by 6?
2
Let f(a) = -a**3 - a - 34. Let s be f(0). Let u = s - -85. Calculate the remainder when u is divided by 19.
13
Let q(j) = 2*j**2 + 47*j + 3. Suppose -4*o - 91 = -5*h, -8 - 3 = -h - o. What is the remainder when q(-24) is divided by h?
12
Let y(v) = -v**2 + 2*v. Let n be y(2). Suppose a - 293 = -n*l - 2*l, l - 148 = -a. Suppose -t + l = 4*t. What is the remainder when t is divided by 8?
5
Suppose 7*z - 2*z + 2*g - 137 = 0, 0 = z - g - 26. What is the remainder when 129 is divided by z?
21
Let k be 1/4 - (-273)/28. Calculate the remainder when 36 is divided by (6*1)/(6/k).
6
Let x = 74 + -67. Suppose n - 2 = x. What is the remainder when 24 is divided by n?
6
Let q(x) = x**3 - 25*x**2 + 21*x + 167. Calculate the remainder when q(24) is divided by 37.
21
What is the remainder when ((-883)/(-2))/((-7)/(-14)) is divided by 74?
69
Let i(x) = -13*x - 9. Let c be i(-2). Let j be 20 + -1 - (-1)/1. Suppose -c*m - 105 = -j*m. What is the remainder when m is divided by 13?
9
Suppose 308 + 338 = 19*t. Calculate the remainder when 200 is divided by t.
30
Let m = -3333 - -3368. Suppose 0 = 3*v - 5*v + 38. What is the remainder when m is divided by v?
16
Let b(o) = -o**2 + 9*o + 8. Let v be b(8). Suppose 4*g + v + 4 = 2*h, 4*h = 4*g + 44. What is the remainder when h is divided by 2?
0
Suppose 0 = -3*n - 0*n. Suppose -141 = -5*m + 4*y - y, -3*m + y + 87 = n. What is the remainder when (-2 - -125) + (-8)/(48/30) is divided by m?
28
Suppose 2*u - 3*o + 0*o = -21, 3*u + 57 = -4*o. Let k = 20 + u. Suppose 4*p - 3*y = -p + 84, 5*p + k*y = 60. Calculate the remainder when 42 is divided by p.
12
What is the remainder when -1 + -1 - -4 - (-126 - 4) is divided by 31?
8
Let g(j) = 2*j + 4. Let b be g(0). Suppose i - 4*l + 116 = b*i, -l + 110 = 3*i. What is the remainder when 69 is divided by i?
33
Let w(c) = 247*c - 95. Calculate the remainder when w(1) is divided by 80.
72
Let m = 268 + -134. Let b(a) = 2*a**2 + 10*a - 2. Calculate the remainder when m is divided by b(-8).
42
What is the remainder when 250 + 3/1 + 3 is divided by 22?
14
Let s = 10 - 10. Suppose 2*h + h = 3*o + 21, s = 5*o + 5. Calculate the remainder when 4 is divided by 5 + (0 - h/2).
0
Let a(p) = 3*p**3 + 3*p**2 + p + 1. Let n be a(-2). Let q = n + 13. Suppose q = -4*z + r + 2*r + 45, -4*r = -4. Calculate the remainder when z is divided by 4.
0
Suppose 5*k - 3*r + 307 = 0, 0 = 4*k - 4*r - 0*r + 244. Let s = k - -71. Let x(w) = 23*w + 1. What is the remainder when x(1) is divided by s?
6
Let q = -110 + 244. Calculate the remainder when q is divided by 20.
14
Let q = -35 + 31. Let i be (-4 + 2)*10/q. Suppose 3 = -3*d, -2*y + i*d = -4*y + 33. What is the remainder when 54 is divided by y?
16
Suppose 4*m - 2 = -f, -4*f - f = m + 9. Calculate the remainder when -4 + 68 - (-2 + f) is divided by (-410)/(-18) + 4/18.
22
Let t(q) = -q**2 - 30*q + 79. Let b be t(-32). What is the remainder when (10/b)/(6/288) is divided by 17?
15
Let k = -473 + 490. Suppose -4*r + 46 = -62. Let u = r + -17. Calculate the remainder when k is divided by u.
7
Suppose -4*s + 3*m + 135 = 0, -m - 24 = -s + 3*m. Calculate the remainder when 70 is divided by s.
34
Suppose -15 = -3*w, -157 = -y + 4*w + 25. What is the remainder when y is divided by 41?
38
Let g = 802 + -791. Suppose 0*v - v - 4 = 0. Let u = v - -10. What is the remainder when g is divided by u?
5
Let y(t) = 33*t**2 + 3*t - 3. Calculate the remainder when 97 is divided by y(1).
31
Let j(c) = -c**3 - 4*c**2 + c + 6. Let o be j(-3). Let l(m) = m**2 + 6*m + 13. Let k = -6 + 14. Calculate the remainder when l(o) is divided by k.
5
Let h = -266 - -315. Calculate the remainder when 92 is divided by h.
43
Let j(y) = -427*y - 221. Calculate the remainder when j(-4) is divided by 124.
123
Suppose -2*q - 251 = -5*u - 3*q, 0 = 3*u - 4*q - 169. What is the remainder when 203 is divided by u?
50
Let z(q) = -6*q**3 - 2*q**2 + 3*q + 1. Let g be z(-3). Suppose 3*u = -u + g. Calculate the remainder when u is divided by 12.
10
Let f be 22/(0 - (-2)/9). Suppose 2*c = 115 + f. What is the remainder when c is divided by 22?
19
Let u(s) = -s**2 + 2*s - 32. Let r(q) = q + 1. Let c(w) = -5*r(w) - u(w). What is the remainder when c(13) is divided by 12?
9
Calculate the remainder when 607 is divided by 1 - -70 - (2 + -7).
75
Let b(p) = 2*p - 22. Let y be b(-12). Let t = y + 60. Calculate the remainder when (-1)/(-4) - 310/(-8) is divided by t.
11
Suppose -10 = 2*q - 0, 0 = x - 5*q - 42. Calculate the remainder when -2 - (408/(-2))/3 is divided by x.
15
Suppose -9*z + 6*z + 33 = 0. What is the remainder when 50 is divided by z?
6
Let r be (118/4)/(5/10). Suppose 163 = 4*k + r. What is the remainder when k is divided by 10?
6
Let x(w) = 181*w - 126. Calculate the remainder when (-1972)/(-6) - (-4)/(-6) is divided by x(1).
53
Let m(j) = -9*j - 25. Let w(t) = -6*t - 2. Let o be w(-4). Suppose -2*i + 4*i - 10 = 2*k, -2*k + o = 2*i. What is the remainder when m(-7) is divided by i?
6
Let b be 2 + (2/2)/((-10)/(-110)). Suppose -g + 0 + b = 0. Calculate the remainder when 51 is divided by g.
12
Suppose d + 14 = t, 4*t - 8*d = -12*d + 24. What is the remainder when 388 is divided by t?
8
Let r(q) = q**2 + 12*q - 10. Let m be r(-13). Suppose j - 89 = -m*z - 3*j, 0 = -4*z + 4*j + 72. Calculate the remainder when z is divided by (3 - 7)*2/(-1).
7
Let g be (-6)/3*-6*33/12. Calculate the remainder when (-2 - 4)*(-1001)/g is divided by 46.
44
Let z = -1705 - -917. Suppose -s + 4*x = -4, 0 = -s - 3*x + 4 + 14. Calculate the remainder when 6/27 + z/(-18) is divided by s.
8
Let t(f) = f**3 - 4*f**2 + 3*f + 3. Let b be t(5). Let u = -23 + b. Let h = -4 + 11. What is the remainder when u is divided by h?
6
Let b(l) = 10*l**3 - 2*l + 2. Let u be (-3)/4 - (-98)/56. What is the remainder when 26 is divided by b(u)?
6
Let g = 147 - -42. Suppose 0 = 4*x + 3*z - g, 4*x = 8*x - 3*z - 171. Calculate the remainder when x is divided by 24.
21
Let f be -2*1 - (-24)/8. Let r be 3 + -2 + 23 - f. Suppose 5*h = -x + 32, -3*h + 41 = 